st common factor of 2738 and 962.
74
What is the greatest common divisor of 97 and 2425?
97
What is the highest common divisor of 25050 and 100?
50
What is the greatest common factor of 1840 and 1160?
40
Calculate the highest common divisor of 1134 and 54.
54
What is the highest common divisor of 99 and 1089?
99
Calculate the highest common factor of 15 and 55.
5
What is the highest common factor of 75 and 5?
5
What is the greatest common divisor of 231 and 561?
33
What is the highest common factor of 65 and 5590?
65
What is the highest common factor of 156 and 108?
12
What is the greatest common factor of 52 and 5642?
26
Calculate the greatest common divisor of 8240 and 272.
16
What is the highest common divisor of 9944 and 88?
88
Calculate the greatest common divisor of 9436 and 28.
28
What is the highest common factor of 117 and 63?
9
Calculate the highest common divisor of 322 and 224.
14
What is the highest common divisor of 48 and 12192?
48
What is the greatest common factor of 841 and 725?
29
What is the greatest common factor of 18 and 222?
6
What is the greatest common divisor of 42 and 189?
21
Calculate the greatest common divisor of 56 and 1316.
28
What is the greatest common divisor of 3367 and 26?
13
What is the highest common factor of 42 and 266?
14
Calculate the greatest common factor of 272 and 144.
16
What is the highest common factor of 141 and 893?
47
Calculate the highest common divisor of 57 and 152.
19
Calculate the greatest common factor of 75 and 210.
15
What is the highest common divisor of 127 and 4699?
127
Calculate the highest common factor of 35 and 40.
5
What is the highest common divisor of 1340 and 20?
20
What is the highest common divisor of 14 and 2716?
14
What is the greatest common factor of 9 and 33?
3
What is the greatest common factor of 252 and 2583?
63
Calculate the greatest common divisor of 245 and 539.
49
Calculate the greatest common divisor of 651 and 2418.
93
What is the greatest common divisor of 17 and 3077?
17
What is the greatest common divisor of 2502 and 288?
18
What is the highest common divisor of 759 and 55?
11
What is the greatest common factor of 4844 and 84?
28
What is the highest common divisor of 672 and 42?
42
What is the greatest common divisor of 133 and 19?
19
Calculate the greatest common divisor of 1562 and 22.
22
Calculate the greatest common divisor of 170 and 238.
34
Calculate the highest common factor of 6368 and 32.
32
What is the highest common factor of 72 and 5085?
9
What is the highest common factor of 168 and 10808?
56
Calculate the highest common divisor of 290 and 116.
58
What is the highest common factor of 775 and 31?
31
Calculate the highest common divisor of 505 and 5.
5
What is the greatest common factor of 357 and 7?
7
What is the greatest common factor of 69 and 506?
23
What is the highest common factor of 26558 and 98?
98
What is the highest common divisor of 410 and 30?
10
What is the highest common factor of 130 and 50?
10
What is the highest common factor of 3 and 849?
3
Calculate the highest common factor of 141 and 6.
3
What is the greatest common factor of 14 and 9198?
14
Calculate the greatest common divisor of 208 and 112.
16
What is the greatest common divisor of 70 and 40?
10
What is the greatest common divisor of 132 and 33?
33
Calculate the highest common divisor of 50 and 15.
5
What is the greatest common factor of 6787 and 55?
11
What is the highest common factor of 7 and 11?
1
Calculate the highest common divisor of 120 and 40.
40
What is the greatest common divisor of 60 and 520?
20
Calculate the highest common factor of 129 and 1376.
43
What is the highest common factor of 512 and 192?
64
Calculate the greatest common factor of 44 and 154.
22
What is the highest common factor of 36 and 7092?
36
What is the highest common factor of 42 and 3486?
42
What is the highest common divisor of 1169 and 21?
7
What is the greatest common divisor of 100 and 12?
4
Calculate the greatest common divisor of 325 and 39.
13
Calculate the highest common factor of 1524 and 24.
12
What is the greatest common factor of 118 and 295?
59
Calculate the highest common factor of 32 and 32.
32
What is the greatest common factor of 456 and 120?
24
What is the highest common factor of 1178 and 57?
19
Calculate the highest common factor of 12 and 519.
3
What is the greatest common factor of 538 and 2?
2
Calculate the greatest common factor of 713 and 23.
23
What is the greatest common factor of 2 and 4418?
2
What is the highest common divisor of 2720 and 20?
20
What is the highest common factor of 575 and 25?
25
Calculate the greatest common factor of 1953 and 441.
63
Calculate the highest common factor of 6 and 1905.
3
Calculate the highest common factor of 12 and 972.
12
What is the greatest common divisor of 25 and 15?
5
What is the greatest common divisor of 90 and 90?
90
What is the greatest common divisor of 26 and 576?
2
What is the highest common factor of 186 and 9734?
62
What is the highest common divisor of 16 and 56?
8
Calculate the greatest common factor of 215 and 10.
5
What is the highest common factor of 190 and 475?
95
What is the highest common divisor of 36 and 27?
9
Calculate the highest common factor of 19 and 19.
19
What is the highest common factor of 1870 and 68?
34
What is the greatest common factor of 22 and 352?
22
What is the highest common factor of 506 and 308?
22
What is the highest common factor of 13528 and 152?
152
Calculate the greatest common divisor of 210 and 1386.
42
What is the greatest common factor of 685 and 959?
137
What is the greatest common divisor of 128 and 2048?
128
What is the greatest common factor of 12 and 291?
3
What is the greatest common factor of 31 and 2?
1
What is the greatest common factor of 216 and 2268?
108
What is the greatest common divisor of 92 and 136?
4
Calculate the greatest common factor of 32 and 128.
32
What is the greatest common factor of 45 and 144?
9
Calculate the greatest common divisor of 580 and 160.
20
What is the highest common factor of 18 and 99?
9
What is the highest common divisor of 23 and 49657?
23
What is the greatest common divisor of 665 and 4550?
35
What is the greatest common divisor of 1170 and 90?
90
Calculate the highest common factor of 600 and 232.
8
What is the highest common divisor of 30 and 3246?
6
What is the greatest common divisor of 56 and 210?
14
Calculate the greatest common factor of 39 and 18.
3
Calculate the greatest common factor of 7 and 301.
7
Calculate the greatest common divisor of 15 and 565.
5
What is the greatest common factor of 241 and 58081?
241
Calculate the highest common divisor of 315 and 126.
63
What is the highest common divisor of 369 and 1599?
123
Calculate the greatest common factor of 497 and 142.
71
What is the highest common divisor of 268 and 44220?
268
What is the highest common divisor of 332 and 1079?
83
Calculate the highest common factor of 1848 and 4389.
231
Calculate the highest common factor of 3 and 696.
3
Calculate the highest common divisor of 66 and 15.
3
What is the highest common factor of 6155 and 5?
5
What is the greatest common factor of 73964 and 44?
44
What is the highest common divisor of 33 and 12?
3
Calculate the greatest common divisor of 2625 and 195.
15
What is the highest common factor of 7423 and 78?
13
What is the greatest common factor of 28 and 2996?
28
What is the highest common factor of 30 and 75?
15
Calculate the highest common divisor of 46 and 14766.
46
What is the greatest common divisor of 72 and 468?
36
What is the highest common factor of 280 and 120?
40
Calculate the greatest common factor of 147 and 105.
21
What is the greatest common divisor of 140 and 640?
20
What is the greatest common factor of 18774 and 126?
126
What is the highest common factor of 1440 and 2340?
180
Calculate the greatest common divisor of 180 and 12465.
45
Calculate the highest common factor of 1253 and 21.
7
What is the highest common factor of 156 and 228?
12
What is the highest common divisor of 78 and 6474?
78
What is the greatest common divisor of 116 and 58?
58
Calculate the greatest common factor of 296 and 38.
2
What is the greatest common factor of 25 and 215?
5
What is the greatest common divisor of 143 and 32